n(g) = 7*g - 8. What is n(6)?
34
Let s(j) = j**3 + 33*j**2 - 2*j - 77. Calculate s(-33).
-11
Let j(a) = 2*a**2 + 2*a + 2. Calculate j(1).
6
Let w(f) = -f + 5. Give w(13).
-8
Let j(y) = -3*y**3 + 18*y**2 - 11*y - 6. What is j(5)?
14
Let s(q) = q**2 - 46*q + 197. Give s(5).
-8
Let b(w) = -12*w - 196. Determine b(-16).
-4
Let n(a) = a**3 - 7*a**2 - 25*a + 158. Calculate n(8).
22
Let b(w) = -2*w**2 + 9*w - 8. Calculate b(6).
-26
Let p(y) = -2*y + 27. What is p(9)?
9
Let j(s) = -8*s + 59. Give j(12).
-37
Let d(s) = s**2 - 13*s - 25. What is d(-8)?
143
Let k(l) = l + 12. Give k(-11).
1
Let j(t) = -11*t - 1. What is j(-8)?
87
Let h(r) = -4*r - 10. Calculate h(-3).
2
Let x(h) = 4*h**3 - 3*h**2 - 4*h + 5. Determine x(1).
2
Let b(t) = t**3 - 6*t**2 + 7*t - 10. What is b(6)?
32
Let g(x) = -4*x + 9. Determine g(-4).
25
Let l(d) = -17*d - 6. Determine l(4).
-74
Let t(i) = -4*i**2 + 9*i + 4. Calculate t(3).
-5
Let f(h) = -2*h - 19. Determine f(9).
-37
Let q(t) = -33*t**2 - 165*t - 6. Determine q(-5).
-6
Let s(b) = -b**3 + 20*b**2 + 25*b - 37. Give s(21).
47
Let l(t) = -4*t - 5. Give l(0).
-5
Let v(j) = 37*j + 70. Give v(-2).
-4
Let y(f) = -f**2 + 6*f - 9. What is y(10)?
-49
Let b(i) = -i**2 + 20*i + 391. What is b(-12)?
7
Let f(w) = w**2 - 42*w - 581. Determine f(53).
2
Let x(n) = 8*n + 66. Calculate x(-8).
2
Let a(k) = k**3 - 4*k**2 + k + 5. Calculate a(2).
-1
Let n(h) = -h**3 + 7*h**2 - 4*h + 8. What is n(6)?
20
Let i(d) = 92*d - 283. Give i(3).
-7
Let i(q) = -q**2 - 2*q - 1. What is i(-1)?
0
Let p(q) = -q**3 - 14*q**2 + 19*q - 6. Give p(-15).
-66
Let f(r) = 5*r**2 - 38*r - 13. What is f(8)?
3
Let a(n) = -n**2 - 8*n + 13. Calculate a(-9).
4
Let m(j) = -j**3 - 9*j**2 - 7*j + 1. Calculate m(-6).
-65
Let h(c) = -32*c - 6. Calculate h(3).
-102
Let s(t) = -4*t + 21. Calculate s(9).
-15
Let p(q) = -2*q**2 + 6*q + 1. Give p(-3).
-35
Let u(v) = v**3 + 12*v**2 + 10*v - 14. What is u(-11)?
-3
Let k(u) = -u**3 - 10*u**2 + 10*u - 12. Calculate k(-11).
-1
Let d(o) = o**3 - 7*o**2 + 5*o + 1. Give d(7).
36
Let p(s) = -s**3 + 4*s**2 - 4*s + 4. Calculate p(3).
1
Let g(p) = -7*p**3 + 28*p**2 + 3*p - 3. Determine g(4).
9
Let a(x) = -x - 23. Determine a(-14).
-9
Let m(o) = -o**2 + 16*o - 10. Give m(11).
45
Let s(i) = 65*i**3 + i**2 - i. Give s(1).
65
Let v(f) = f**3 - 7*f**2 - 5*f + 10. Give v(7).
-25
Let c(r) = -r**3 - 12*r**2 + 8*r - 57. Determine c(-13).
8
Let t(g) = g**2 - 11*g - 11. Determine t(13).
15
Let n(z) = 2*z**2 + 9*z + 7. What is n(-3)?
-2
Let r(v) = -2*v**2 + 18*v + 20. Give r(10).
0
Let b(q) = -q**2 + 21*q + 168. Give b(27).
6
Let m(j) = -j**3 + 36*j**2 + 4. Calculate m(36).
4
Let n(x) = -7*x**2 + x. Give n(1).
-6
Let h(g) = -2*g - 11. Give h(-4).
-3
Let f(m) = m**3 + 14*m**2 + 3*m - 13. Determine f(-14).
-55
Let h(a) = 23*a + 64. Calculate h(-3).
-5
Let y(p) = p**3 + 8*p**2 + 12*p + 12. Determine y(-6).
12
Let k(o) = o**3 + 13*o**2 + 3*o + 15. Determine k(-13).
-24
Let j(x) = -x**3 - 18*x**2 - 4*x - 2. Give j(-18).
70
Let k(f) = -f**3 + 6*f**2 - 8*f - 1. Give k(4).
-1
Let p(t) = 7*t + 42. Determine p(-6).
0
Let x(a) = a**3 - 8*a**2 - 8*a - 14. What is x(9)?
-5
Let l(g) = -g**3 + 10*g**2 - 11*g + 20. Determine l(9).
2
Let w(v) = 2*v - 19. Give w(10).
1
Let m(r) = -5*r + 35. Give m(4).
15
Let i(r) = -40*r**3 + r**2. What is i(1)?
-39
Let d(y) = y**2 - 10*y - 7. Determine d(11).
4
Let g(b) = -7*b**2 + 5*b - 8. What is g(2)?
-26
Let h(t) = -t**2 - 9*t - 13. Give h(-8).
-5
Let d(z) = -7*z**3 + z**2 + z - 1. Determine d(1).
-6
Let i(o) = -o**2 + o + 54. Give i(8).
-2
Let y(i) = i**2 - 14*i - 4. Calculate y(15).
11
Let w(k) = -k + 5. What is w(-6)?
11
Let p(b) = -168*b**3 - 4*b**2 + 5*b - 2. What is p(1)?
-169
Let l(t) = 2*t**3 + 104*t**2 + 107*t + 260. Give l(-51).
5
Let k(g) = -9*g - 285. What is k(-31)?
-6
Let j(n) = n**3 - 36*n**2 - 116*n - 44. Give j(39).
-5
Let r(o) = -o**2 - 21*o - 18. Calculate r(-8).
86
Let w(h) = -41*h**2 + 2*h + 5. Give w(-1).
-38
Let r(h) = -h**2 - 13*h - 9. Give r(-14).
-23
Let f(h) = 3*h**3 - 2*h**2 + 2*h - 3. Determine f(2).
17
Let i(r) = r**2 + 37*r + 40. What is i(-36)?
4
Let u(l) = -l - 5. Calculate u(9).
-14
Let j(i) = -i**2 - 16*i - 20. Determine j(-14).
8
Let y(c) = c + 13. Calculate y(-17).
-4
Let a(c) = c**2 + 18*c + 60. Determine a(-12).
-12
Let s(g) = g**3 + 10*g**2 - 2*g - 35. Determine s(-10).
-15
Let b(h) = h**3 + h**2 - 8*h - 11. Give b(-3).
-5
Let x(c) = -c**3 + 2*c**2 + 10*c - 2. Calculate x(4).
6
Let q(d) = 7*d**3 + 2*d + 2. Calculate q(-1).
-7
Let h(d) = d**2 + 17*d + 13. Give h(-16).
-3
Let j(k) = -k**3 + 9*k**2 - 2*k + 17. Give j(9).
-1
Let m(x) = 7*x - 339. What is m(49)?
4
Let t(g) = -g**2 + 21*g + 9. What is t(22)?
-13
Let m(l) = 2*l**2 + 14*l + 4. Calculate m(-5).
-16
Let v(d) = -3*d + 15. Give v(6).
-3
Let l(p) = -8*p + 7. What is l(3)?
-17
Let u(y) = y**3 + y**2 + y + 2. What is u(-2)?
-4
Let l(m) = -2*m - 1. Calculate l(3).
-7
Let d(c) = -4*c**2 - c - 13. Determine d(-4).
-73
Let o(d) = 3*d**2 - 39*d - 2. What is o(13)?
-2
Let n(r) = r**3 + 2*r**2 - 2. Determine n(-2).
-2
Let j(y) = 6*y + 42. Determine j(-6).
6
Let o(d) = -2*d + 22. Give o(-9).
40
Let g(m) = -m**3 - 4*m**2 + 7*m + 1. Give g(-5).
-9
Let w(y) = y**3 + 7*y**2 - 16*y - 10. Give w(-7).
102
Let a(b) = 2*b - 21. Calculate a(-9).
-39
Let l(q) = q - 7. Give l(2).
-5
Let p(o) = o**3 - 6*o + 10. What is p(-3)?
1
Let p(f) = 2*f - 9. Give p(0).
-9
Let f(b) = 16*b + 355. Give f(-22).
3
Let u(a) = -3*a**2 - 12*a - 29. What is u(-5)?
-44
Let x(c) = -2*c**2 - c + 1. Calculate x(2).
-9
Let p(o) = 4*o - 1. What is p(3)?
11
Let b(i) = i**2 - 14*i - 95. Give b(-5).
0
Let x(u) = -35*u - 211. What is x(-6)?
-1
Let g(c) = 2*c**2 + 12*c + 11. Calculate g(-7).
25
Let v(x) = x**2 - 19*x - 78. Calculate v(-4).
14
Let w(t) = 2*t**2 + 2*t + 4. What is w(-2)?
8
Let u(j) = -j**3 - 2*j**2 + 3*j - 8. Give u(-3).
-8
Let m(s) = -s**3 - 6*s**2 + 7*s - 11. Determine m(-7).
-11
Let b(z) = -z**3 - 2*z**2 + 9*z + 9. What is b(-4)?
5
Let l(q) = -10*q - 3. Determine l(4).
-43
Let c(f) = -f**3 - 6*f**2 - 7*f - 7. What is c(-5)?
3
Let m(o) = -3*o**2 - 14*o + 4. What is m(-5)?
-1
Let f(x) = -2*x - 17. Calculate f(-5).
-7
Let s(r) = r**2 - 5*r + 10. Determine s(4).
6
Let c(d) = -d**3 - d**2 + 9*d + 6. Give c(-3).
-3
Let q(j) = -j**2 + 15*j - 16. Give q(13).
10
Let v(j) = 50*j + 1857. Give v(-37).
7
Let t(g) = g**2 + 4*g - 12. What is t(-7)?
9
Let u(d) = d**3 + 15*d**2 + 4. Determine u(-15).
4
Let c(a) = a - 12. Determine c(17).
5
Let m(p) = 12*p - 173. Give m(16).
19
Let p(n) = n**2 - 6*n + 4. Give p(4).
-4
Let q(j) = -27*j**3 + 2*j**2 - 1. Determine q(1).
-26
Let p(z) = -2*z**2 - 109*z - 216. Give p(-2).
-6
Let l(i) = i**2 - 11*i + 13. What is l(9)?
-5
Let v(w) = -w + 3. Give v(3).
0
Let n(z) = -2*z**3 + 13*z**2 - 11*z + 13. Calculate n(6).
-17
Let y(d) = d**3 - 15*d**2 + 14*d. Calculate y(14).
0
Let t(i) = -i**3 - 6*i + 10. Calculate t(0).
10
Let j(z) = z**3 - 2*z**2 - z + 9. Determine j(0).
9
Let u(a) = a**3 - 7*a**2 - 22*a + 29. Calculate u(9).
-7
Let i(z) = 10*z - 60. Give i(6).
0
Let w(d) = -d**3 + 11*d**2 + 18*d - 68. Calculate w(12).
4
Let j(g) = g - 8. What is j(0)?
-8
Let m(t) = t**3 + 13*t**2 - 7*t - 14. Determine m(-13).
77
Let o(g) = g - 35. Determine o(19).
-16
Let u(x) = -2*x**3 + 39*x**2 - 54*x + 9. Calculate u(18).
9
Let a(y) = -y**3 + 6*y**2 + 15*y - 10. What is a(7)?
46
Let a(k) = -k**2 - 16*k - 58. Determine a(-9).
5
Let n(z) = -z**3 - 7*z**2 - 2*z + 3. Give n(-6).
-21
Let y(w) = -2*w + 17. What is y(-5)?
27
Let t(s) = s**2 - 5*s - 82. Give t(-8).
22
Let d(v) = -v**3 - 6*v**2 - 6*v - 1. Calculate d(-6).
35
Let c(x) = 4*x**2 - 5*x + 2. Give c(3).
23
Let u(m) = -3*m**2 + 4*m - 3. Calculate u(2).
-7
Let s(g) = -g**2 + 2*g - 27. Give s(0).
-27
Let k(p) = -21*p - 547. Calculate k(-26).
-1
Let i(a) = 2*a - 29. What is i(19)?
9
Let s(a) = -2*a**3 - 3*a**2 + 23*a - 3. Determine s(3).
-15
Let c(s) = -s + 19. Give c(-13).
32
Let w(x) = 3*x - 55. Determine w(18).
-1
Let u(m) = 6*m - 92. Give u(17).
10
Let p(a) = -a**3 - 22*a**2 + 2*a + 46. Determine p(-22).
2
Let d(n) = n**3 + 29*n**2 - 3*n - 93. Determine d(-29).
-6
Let k(z) = 12*z - 150. Give k(13).
6
Let b(x) = x**2 + 9*x - 6. What is b(-5)?
-26
Let t(q) = 2*q**3 + 18*q**2 - 19*q + 7. What is t(-10)?
-3
Let q(u) = 3*u**